{"id":13,"date":"2020-12-10T12:56:30","date_gmt":"2020-12-10T12:56:30","guid":{"rendered":"http:\/?page_id=13"},"modified":"2024-12-17T17:23:49","modified_gmt":"2024-12-17T17:23:49","slug":"mer","status":"publish","type":"page","link":"https:\/\/www.ekenbredband.se\/?page_id=13","title":{"rendered":"Om f\u00f6reningen"},"content":{"rendered":"\t\t<div data-elementor-type=\"wp-page\" data-elementor-id=\"13\" class=\"elementor elementor-13\" data-elementor-post-type=\"page\">\n\t\t\t\t<div class=\"elementor-element elementor-element-eabf277 e-flex e-con-boxed e-con e-parent\" data-id=\"eabf277\" data-element_type=\"container\">\n\t\t\t\t\t<div class=\"e-con-inner\">\n\t\t\t\t<div class=\"elementor-element elementor-element-2a5ef36 elementor-widget elementor-widget-text-editor\" data-id=\"2a5ef36\" data-element_type=\"widget\" data-widget_type=\"text-editor.default\">\n\t\t\t\t<div class=\"elementor-widget-container\">\n\t\t\t\t\t\t\t\t\t<h2>Bakgrund<\/h2>\n<p><!-- \/wp:heading --><!-- wp:paragraph --><\/p>\n<p><strong>Ekbacken-Enhagen Bredband Samf\u00e4llighetsf\u00f6renings uppgift \u00e4r att \u00e4ga och f\u00f6rvalta ett bredbandsn\u00e4t i villaomr\u00e5det Ekbacken\/Enhagen i V\u00e4ster\u00e5s<\/strong><\/p>\n<p><!-- \/wp:paragraph --><!-- wp:paragraph --><\/p>\n<p>I villaomr\u00e5det Ekbacken\/Enhagen finns totalt 437 fastigheter.<\/p>\n<p><!-- \/wp:paragraph --><!-- wp:paragraph --><\/p>\n<p>Samtliga fastigheter tillh\u00f6r sedan l\u00e5ng tid tillbaka Fuller\u00f6 samf\u00e4llighetsf\u00f6rening.<\/p>\n<p><!-- \/wp:paragraph --><!-- wp:paragraph --><\/p>\n<p>Medlemmarna i Fuller\u00f6 samf\u00e4llighets-f\u00f6rening \u00e4ger och f\u00f6rvaltar gemensamt de gr\u00f6nomr\u00e5den, v\u00e4gar, badplatser, marinor och den VA-anl\u00e4ggning som finns inom villaomr\u00e5det Ekbacken-Enhagen.<\/p>\n<p><!-- \/wp:paragraph --><!-- wp:paragraph --><\/p>\n<p>D\u00e5 inte alla (294 de totalt 437) fastighets\u00e4garna inledningsvis var positiva till att anordna och bekosta ett fibern\u00e4t f\u00f6r bredbandskommunikationerna inom villaomr\u00e5det m\u00e5ste en ny samf\u00e4llighetsf\u00f6rening, Ekbacken \u2013Enhagen bredband samf\u00e4llighetsf\u00f6rening, bildas f\u00f6r att, etablera, \u00e4ga och f\u00f6rvalta bredbandsn\u00e4tet.<\/p>\n<p><!-- \/wp:paragraph --><!-- wp:paragraph --><\/p>\n<p>Utbyggnad av n\u00e4tet p\u00e5b\u00f6rjades under v\u00e5ren 2005 och var slutf\u00f6rd 15\/12 2005.<\/p>\n<p><!-- \/wp:paragraph --><!-- wp:heading --><\/p>\n<h2>M\u00e5l, syfte och uppgifter<\/h2>\n<p><!-- \/wp:heading --><!-- wp:paragraph --><\/p>\n<p><strong>F\u00f6reningens \u00f6vergripande m\u00e5l \u00e4r att samtliga 437 fastigheterna ansluts till bredbandsn\u00e4tet<\/strong><\/p>\n<p><!-- \/wp:paragraph --><!-- wp:paragraph --><\/p>\n<p>Inledningsvis var f\u00f6reningens uppgift att etablera fibern\u00e4tet (omr\u00e5desn\u00e4t) samt att teckna avtal med\u00a0Fibra Stadsn\u00e4t s\u00e5 att f\u00f6reningsmedlemmarna skulle f\u00e5 tillg\u00e5ng till de bredbandstj\u00e4nster\u00a0som tillhandah\u00e5lls via stadsn\u00e4tet i V\u00e4ster\u00e5s.<\/p>\n<p><!-- \/wp:paragraph --><!-- wp:paragraph --><!-- \/wp:paragraph --><!-- wp:paragraph --><!-- \/wp:paragraph --><!-- wp:paragraph --><\/p>\n<p>Nu \u00e4r samf\u00e4llighetsf\u00f6reningens huvud-uppgift att \u00e4ga, utveckla och f\u00f6rvalta omr\u00e5desn\u00e4tet och dess anslutning till stadsn\u00e4tet i V\u00e4ster\u00e5s.<\/p>\n<p><!-- \/wp:paragraph --><!-- wp:paragraph --><\/p>\n<p>F\u00f6reningens styrelse ansvarar f\u00f6r att genomf\u00f6ra alla de \u00e5tg\u00e4rder som kr\u00e4vs f\u00f6r att uppn\u00e5 en bra och kostnadseffektiv f\u00f6rvaltning av samf\u00e4llighetens tillg\u00e5ngar.<\/p>\n<p><!-- \/wp:paragraph --><!-- wp:paragraph --><\/p>\n<p>F\u00f6r service och underh\u00e5ll av omr\u00e5desn\u00e4tet har samf\u00e4lligheten upphandlat och tecknat avtal\u00a0med en extern entrepren\u00f6r. Priser och tj\u00e4nster finns l\u00f6pande att tillg\u00e5 via Fibras hemsida: <a href=\"http:\/\/www.fibra.se\">www.fibra.se<\/a><\/p>\n<p><!-- \/wp:paragraph --><!-- wp:paragraph --><!-- \/wp:paragraph --><!-- wp:heading {\"level\":3} --><\/p>\n<h3>Tekniska och fysiska \u00e5tg\u00e4rder<\/h3>\n<p><!-- \/wp:heading --><!-- wp:paragraph --><\/p>\n<p>\u00a0N\u00e4r en ny fastighet skall anslutas till bredbandsn\u00e4tet m\u00e5ste f\u00f6ljande\u00a0\u00e5tg\u00e4rder vidtas:<\/p>\n<p><!-- \/wp:paragraph --><!-- wp:paragraph --><!-- \/wp:paragraph --><!-- wp:paragraph --><\/p>\n<p>* En ny fiberkabel inkl. kabelskydd f\u00f6rl\u00e4ggs mellan fastigheten och n\u00e4rmaste spridningspunkt i befintligt bredbandsn\u00e4t.<\/p>\n<p><!-- \/wp:paragraph --><!-- wp:paragraph --><!-- \/wp:paragraph --><!-- wp:paragraph --><\/p>\n<p>* En installation och drifts\u00e4ttning av en fiber\/mediakonverterare (CPS) i fastigheten.<\/p>\n<p><!-- \/wp:paragraph --><!-- wp:paragraph --><!-- \/wp:paragraph --><!-- wp:paragraph --><\/p>\n<p>*\u00a0 En anslutning och drifts\u00e4ttning av fastighetens CPS till Stadsn\u00e4tet i V\u00e4ster\u00e5s.<\/p>\n<p><!-- \/wp:paragraph --><!-- wp:paragraph --><!-- \/wp:paragraph --><!-- wp:heading {\"level\":3} --><\/p>\n<h3>Kostnads\u00f6versikt f\u00f6r att upptas som ny medlem<\/h3>\n<p><!-- \/wp:heading --><!-- wp:paragraph --><\/p>\n<p>En intr\u00e4desavgift (\u201dk\u00f6p av andel\u201d i samf\u00e4llighetsf\u00f6reningen).<\/p>\n<p><!-- \/wp:paragraph --><!-- wp:paragraph --><\/p>\n<p>Kostnadst\u00e4ckning f\u00f6r gr\u00e4vning, f\u00f6rl\u00e4ggning av fiberkabel, tekniska installationer och drifts\u00e4ttning.<\/p>\n<p><!-- \/wp:paragraph --><!-- wp:paragraph --><!-- \/wp:paragraph --><!-- wp:paragraph --><\/p>\n<p>Ers\u00e4ttning till samf\u00e4lligheten f\u00f6r administrativa \u00e5tg\u00e4rder.<\/p>\n<p><!-- \/wp:paragraph --><!-- wp:paragraph --><\/p>\n<p>En avgift till Lantm\u00e4terimyndigheten i V\u00e4ster\u00e5s kommun f\u00f6r att\u00a0skrivas in som del\u00e4gare i samf\u00e4llighetsf\u00f6reningen.<\/p>\n<p><!-- \/wp:paragraph --><!-- wp:paragraph --><!-- \/wp:paragraph --><!-- wp:paragraph --><\/p>\n<p>Samf\u00e4llighetsf\u00f6reningen l\u00e4mnar en prelimin\u00e4r kostnadskalkyl i samband med en f\u00f6rfr\u00e5gan om medlemskap.<\/p>\n<p><!-- \/wp:paragraph --><!-- wp:paragraph --><!-- \/wp:paragraph --><!-- wp:paragraph --><!-- \/wp:paragraph --><\/p>\t\t\t\t\t\t\t\t<\/div>\n\t\t\t\t<\/div>\n\t\t\t\t\t<\/div>\n\t\t\t\t<\/div>\n\t\t<div class=\"elementor-element elementor-element-789b9e93 e-flex e-con-boxed e-con e-parent\" data-id=\"789b9e93\" data-element_type=\"container\">\n\t\t\t\t\t<div class=\"e-con-inner\">\n\t\t\t\t<div class=\"elementor-element elementor-element-20867422 elementor-widget elementor-widget-text-editor\" data-id=\"20867422\" data-element_type=\"widget\" data-widget_type=\"text-editor.default\">\n\t\t\t\t<div class=\"elementor-widget-container\">\n\t\t\t\t\t\t\t\t\t<!-- wp:heading -->\n<h2>Faktauppgifter<\/h2>\n<!-- \/wp:heading --><!-- wp:paragraph -->\n<p><strong>Ekbacken-Enhgen Bredband Samf\u00e4llighetsf\u00f6renings n\u00e4tl\u00e4ngd<\/strong><\/p>\n<!-- \/wp:paragraph --><!-- wp:paragraph -->\n<p>Fibern\u00e4tet: V\u00e5rt omr\u00e5desn\u00e4t omfattar c:a 11.000m fiberkabel och \u00e4r utformat som ett stj\u00e4rnformat n\u00e4t med nio decentraliserade spridningspunkter. Totalt \u00e4r n\u00e4tet indelat i tio omr\u00e5den.<\/p>\n<!-- \/wp:paragraph --><!-- wp:paragraph -->\n<p>Extern Anslutning: V\u00e5rt omr\u00e5desn\u00e4t \u00e4r anslutet till det \u00f6ppna stadsn\u00e4tet i V\u00e4ster\u00e5s som \u00e4gs och f\u00f6rvaltas av Fibra Stadsn\u00e4t.<\/p>\n<!-- \/wp:paragraph --><!-- wp:paragraph --><!-- \/wp:paragraph --><!-- wp:paragraph -->\n<p>Med \u00f6ppet stadsn\u00e4t menas att fastighets\u00e4garen fritt kan v\u00e4lja bredbandstj\u00e4nster fr\u00e5n flera konkurrerande leverant\u00f6rer som har tillst\u00e5nd att leverera tj\u00e4nster i stadsn\u00e4tet.<\/p>\n<!-- \/wp:paragraph --><!-- wp:paragraph -->\n<p>F\u00f6rtroendevalda: Samf\u00e4llighetens styrelse best\u00e5r av fyra ordinarie funktion\u00e4rer och tv\u00e5 suppleanter som \u00e5rligen v\u00e4ljs p\u00e5 samf\u00e4llighetens ordinarie \u00e5rsst\u00e4mma.<\/p>\n<!-- \/wp:paragraph --><!-- wp:paragraph -->\n<p>F\u00f6r att revidera samf\u00e4llighetens verksamhet utser \u00e5rsst\u00e4mman varje \u00e5r tv\u00e5 ordinarie revisorer och tv\u00e5 suppleanter.<\/p>\n<!-- \/wp:paragraph --><!-- wp:paragraph -->\n<p>Tv\u00e5 av revisorerna \u00e4r auktoriserade och arbetar normalt vid n\u00e5gon revisionsfirma i V\u00e4ster\u00e5s.<\/p>\n<!-- \/wp:paragraph --><!-- wp:heading -->\n<h2>Kabelvisning<\/h2>\n<!-- \/wp:heading --><!-- wp:paragraph -->\n<p><strong>F\u00f6reningen ska l\u00e4nka till kabelvisning<\/strong><\/p>\n<!-- \/wp:paragraph --><!-- wp:paragraph -->\n<p>Samf\u00e4llighetsf\u00f6reningen tillhandah\u00e5ller en kostnadsfri markering av bredbandsn\u00e4tet (KABELVISNING\/ LEDNINGSVISNING) inf\u00f6r planerade markarbeten.<\/p>\n<!-- \/wp:paragraph --><!-- wp:paragraph -->\n<p>F\u00f6r att markeringen med s\u00e4kerhet skall kunna vara utf\u00f6rd vid \u00f6nskat tillf\u00e4lle m\u00e5ste anm\u00e4lan ske minst 10 dagar f\u00f6re \u00f6nskad start av markarbetet.<\/p>\n<!-- \/wp:paragraph --><!-- wp:paragraph --><!-- \/wp:paragraph --><!-- wp:paragraph -->\n<p>Den praktiska \u00e5tg\u00e4rden att utf\u00f6ra sj\u00e4lva markeringen (KABELVISNING\/ LEDNINGSVISNING) har bredbandsf\u00f6reningen upphandlat av M\u00e4larenergi Stadsn\u00e4t AB numera Fibra, d\u00e4rav skall anm\u00e4lan alltid ske till M\u00e4larenergi AB.<\/p>\n<!-- \/wp:paragraph --><!-- wp:paragraph --><!-- \/wp:paragraph --><!-- wp:paragraph --><!-- \/wp:paragraph --><!-- wp:paragraph -->\n<ul>\n<li>F\u00f6r markering av VA-n\u00e4tet skall Fuller\u00f6 Samf\u00e4llighetsf\u00f6rening kontaktas.<\/li>\n<\/ul>\n<!-- \/wp:paragraph --><!-- wp:paragraph -->\n<ul>\n<li>F\u00f6r markering av el-n\u00e4tet skall M\u00e4larenergi kontaktas.<\/li>\n<\/ul>\n<!-- \/wp:paragraph --><!-- wp:paragraph -->\n<ul>\n<li>F\u00f6r markering av omr\u00e5dets telen\u00e4t kontakta Telia.<\/li>\n<\/ul>\n<!-- \/wp:paragraph --><!-- wp:paragraph -->\n<p>Vid akuta behov av kabel\/ledningsvisning skall bredbansf\u00f6reningens styrelse kontaktas.<\/p>\n<!-- \/wp:paragraph -->\t\t\t\t\t\t\t\t<\/div>\n\t\t\t\t<\/div>\n\t\t\t\t\t<\/div>\n\t\t\t\t<\/div>\n\t\t\t\t<\/div>\n\t\t","protected":false},"excerpt":{"rendered":"<p>Bakgrund Ekbacken-Enhagen Bredband Samf\u00e4llighetsf\u00f6renings uppgift \u00e4r att \u00e4ga och f\u00f6rvalta ett bredbandsn\u00e4t i villaomr\u00e5det Ekbacken\/Enhagen i V\u00e4ster\u00e5s I villaomr\u00e5det Ekbacken\/Enhagen finns totalt 437 fastigheter. Samtliga fastigheter tillh\u00f6r sedan l\u00e5ng tid tillbaka Fuller\u00f6 samf\u00e4llighetsf\u00f6rening. Medlemmarna i Fuller\u00f6 samf\u00e4llighets-f\u00f6rening \u00e4ger och f\u00f6rvaltar gemensamt de gr\u00f6nomr\u00e5den, v\u00e4gar, badplatser, marinor och den VA-anl\u00e4ggning som finns inom villaomr\u00e5det Ekbacken-Enhagen. D\u00e5 [&hellip;]<\/p>\n","protected":false},"author":1,"featured_media":0,"parent":0,"menu_order":0,"comment_status":"closed","ping_status":"closed","template":"","meta":{"footnotes":""},"class_list":["post-13","page","type-page","status-publish","hentry"],"_links":{"self":[{"href":"https:\/\/www.ekenbredband.se\/index.php?rest_route=\/wp\/v2\/pages\/13","targetHints":{"allow":["GET"]}}],"collection":[{"href":"https:\/\/www.ekenbredband.se\/index.php?rest_route=\/wp\/v2\/pages"}],"about":[{"href":"https:\/\/www.ekenbredband.se\/index.php?rest_route=\/wp\/v2\/types\/page"}],"author":[{"embeddable":true,"href":"https:\/\/www.ekenbredband.se\/index.php?rest_route=\/wp\/v2\/users\/1"}],"replies":[{"embeddable":true,"href":"https:\/\/www.ekenbredband.se\/index.php?rest_route=%2Fwp%2Fv2%2Fcomments&post=13"}],"version-history":[{"count":12,"href":"https:\/\/www.ekenbredband.se\/index.php?rest_route=\/wp\/v2\/pages\/13\/revisions"}],"predecessor-version":[{"id":159,"href":"https:\/\/www.ekenbredband.se\/index.php?rest_route=\/wp\/v2\/pages\/13\/revisions\/159"}],"wp:attachment":[{"href":"https:\/\/www.ekenbredband.se\/index.php?rest_route=%2Fwp%2Fv2%2Fmedia&parent=13"}],"curies":[{"name":"wp","href":"https:\/\/api.w.org\/{rel}","templated":true}]}}